highest common factor of d and 32?
16
Let t(w) = w**3 + 4*w**2 + 3*w + 2. Suppose -3*n - 2 - 7 = 0. Let k be t(n). Suppose 48 = k*b + b. What is the greatest common factor of 32 and b?
16
Let l(t) = 4*t + 1. Let u(j) = -j. Let b(h) = 2*l(h) + 7*u(h). Let i be b(8). What is the highest common factor of 5 and i?
5
Suppose 0 = -2*z + 6, -2*v + 4*z = 3*z - 123. Suppose 32 + 31 = 3*u. Calculate the greatest common factor of v and u.
21
Let q be (-4)/(-4)*(19 + -1). What is the greatest common factor of q and 9?
9
Let u be (-1 + 2)*(-3 - (0 + -13)). What is the greatest common divisor of 110 and u?
10
Let v = 85 + -141. Let d = 132 + v. Calculate the highest common factor of d and 19.
19
Let n = 11 - -52. Calculate the greatest common divisor of 21 and n.
21
Let v be 6/(-8) - (-4)/(-16). Let o be 6/(7/4 + v). What is the greatest common divisor of 8 and o?
8
Let v = 97 + -95. Calculate the highest common factor of v and 3.
1
Suppose 0 = 11*a - 1433 - 184. What is the greatest common factor of a and 21?
21
Let s(p) = p**3 + 9*p**2 + 4*p - 8. Let d be s(-8). Calculate the highest common factor of d and 60.
12
Let t = 56 + -32. What is the greatest common factor of 120 and t?
24
Suppose 4 = 3*b - 2. Suppose -4*v = b*o - 22, 4 = 4*v - 4. What is the highest common divisor of 49 and o?
7
Let j be (-32)/3*(-18)/4. Suppose 16*r - 87 - 9 = 0. Calculate the greatest common factor of r and j.
6
Let n = -47 + 49. Calculate the greatest common divisor of 1 and n.
1
Let n = -15 + 38. Calculate the greatest common divisor of n and 207.
23
Let t = 67 - -54. What is the greatest common factor of t and 11?
11
Suppose 3*s + 2*t + 1 = -2*t, t = -4. Let k = 15 - 2. Let v = k - 8. Calculate the highest common divisor of s and v.
5
Let z = 3 - 1. Suppose 0 = 2*v + o + 5 - 42, 2*o = z*v - 34. Let p be 6/v + 284/3. What is the greatest common divisor of 38 and p?
19
Let n(o) be the third derivative of o**5/3 + o**4/24 - 2*o**2. Let c be n(1). Suppose 5*j = 45 + 25. Calculate the greatest common divisor of j and c.
7
Let g be (3*50)/3*-2. Let c = 168 + g. Let j = 7 - -10. Calculate the highest common divisor of j and c.
17
Let g(n) = -2*n**2 + 3*n + 9. Let w be g(4). Let z = 14 + w. What is the highest common factor of z and 24?
3
Let z = 10 - 6. Suppose -5*x = 5*r - 75, 0 = -2*r - 5*x + z*x + 26. Calculate the greatest common divisor of r and 11.
11
Let f(j) = 2*j**3 - 8*j**2 + 7*j - 1. Let w be f(7). Calculate the highest common factor of 38 and w.
38
Suppose 115*k + 15 = 116*k. Calculate the highest common divisor of k and 5.
5
Let o = -37 + 64. What is the greatest common factor of o and 9?
9
Let r be (2 - 1)/((-5)/(-75)). Suppose t + 8*t = 27. What is the greatest common divisor of r and t?
3
Let t(r) = -4*r - 3*r**3 + 3*r + 2 + 2*r**3 + 3*r**2. Let h be t(2). What is the highest common divisor of h and 16?
4
Let v be (81/(-4))/(4/(-16)). Suppose -50 = -10*f + 40. Calculate the greatest common factor of v and f.
9
Let n = 13 + 1. Let s = 18 + 102. Let o = s - 22. What is the greatest common factor of o and n?
14
Let g = 86 - 44. Calculate the greatest common factor of g and 63.
21
Suppose 25 = 7*t - 2*t. Suppose 4*f = -5*i - 7, 3*i - 15 = 8*i. Let w be (32/(-12))/(f/(-30)). Calculate the greatest common divisor of t and w.
5
Let t(g) = 2*g + 2. Let m be t(2). Let x be (-3)/m*2 - -4. Suppose -650 = -2*v - x*v. Calculate the highest common factor of v and 13.
13
Let k(v) = -v**3 - v**2 + 4*v + 1. Let m be -2*(-1)/(-2)*3. Let r be k(m). What is the greatest common factor of 14 and r?
7
Let h be (-2 - 0)*(-38)/4. Suppose 0 = -0*a - 5*a - 80. Let l = a - -35. What is the greatest common factor of h and l?
19
Let q(d) = -d + 14. Let l be q(11). Suppose 7*h = l*h. Suppose h = -g - 4 + 14. What is the highest common divisor of g and 25?
5
Let g(s) = -s**2 - 4*s + 11. Let u be g(-8). Let a = u + 42. Calculate the highest common divisor of a and 63.
21
Let o(l) = l**3 - 5*l**2 + 8*l - 8. Let u be o(4). What is the greatest common divisor of 104 and u?
8
Let i(j) be the third derivative of 4*j**5/5 - j**2. Let a be i(1). Suppose 112 + a = 5*d. Calculate the greatest common divisor of d and 4.
4
Suppose 41*a - 38*a - 234 = 0. Suppose a = 3*m - 90. Let w be 1/2 + 30/4. What is the greatest common divisor of m and w?
8
Let q be 1252/28 - (-2)/7. Calculate the highest common factor of q and 5.
5
Suppose 4*o - 99 = 77. Suppose s + 151 = o. Let c be 3 + -1 - 1 - s. What is the greatest common factor of 12 and c?
12
Let w be (-40)/(-6)*-15*1. Let g = w + 154. Calculate the highest common divisor of 6 and g.
6
Suppose 5*d + 10 = -5*o, 0 - 2 = 3*o + d. Suppose o*q + 425 = 5*q. What is the greatest common factor of 17 and q?
17
Suppose 5*d = 2*d. Suppose d = -2*j + 19 - 3. Let b be 0/(-1) - (-87 - 1). Calculate the highest common divisor of j and b.
8
Suppose 0*i + 5*q = -3*i - 4, -q = -i + 12. What is the highest common factor of 77 and i?
7
Let h = -26 - -28. Calculate the highest common divisor of h and 12.
2
Let k = -6 - -51. What is the highest common divisor of k and 5?
5
Let q(m) = -10*m - 3. Let p be q(-2). Calculate the greatest common divisor of p and 153.
17
Let t = 2 - -7. Suppose 5 = 3*k - t*i + 4*i, 0 = k + 3*i - 11. Let b be (k/((-5)/(-4)))/1. What is the highest common divisor of b and 4?
4
Let a(z) = 7*z + 4. Let s be a(-4). Let x be 2/(-4) + s/(-16). Calculate the greatest common factor of 11 and x.
1
Suppose -2*c = 2*c - 64. Suppose -2*a - 2 = c. Let d be a/(-15) - (-272)/5. Calculate the greatest common divisor of 11 and d.
11
Let s(x) = -x**2 - 7*x + 3. Let n be s(-5). Let m(z) = -z + 14. Let d be m(10). Suppose d*f = 185 + 179. What is the highest common divisor of f and n?
13
Let b = -499 + 506. Let s(o) = 15*o**2 - 3*o + 2. Let p be s(2). Calculate the highest common divisor of p and b.
7
Let h(w) = -w**2 + 3*w + 4. Let v be h(-3). Let j = v - -38. Suppose 1311 = 5*k + 3*t, 5*k + 214 = -5*t + 1519. What is the greatest common divisor of k and j?
24
Let z be -4*(-1 - (-1 - -4)). What is the highest common factor of z and 48?
16
Let m be 14 - (-2)/(8 + -6). Suppose 4*v + 182 = 602. What is the highest common divisor of v and m?
15
Let q be (-6)/(-21) - 720/(-28). Calculate the greatest common factor of q and 104.
26
Let v(k) = k**2 - 3*k + 10. Let d be v(6). What is the highest common divisor of 28 and d?
28
Let j(k) = k**3 + 11*k**2 + 9*k - 5. Let v be j(-10). Suppose -4*z + v = 1. Let w be (-2)/(-4)*z*12. What is the greatest common divisor of 48 and w?
6
Suppose -r = -y + 9, -5*y + r + 3 + 30 = 0. Suppose -10 = 4*v - y*v. What is the greatest common factor of 1 and v?
1
Let z be 27*(10/(-6) - -2). What is the greatest common factor of 36 and z?
9
Let s = -25 + 15. Let l be (-5)/s - 126/(-4). Suppose 2*x - l = -4*g, -60 = -5*x - 3*g - 2*g. Calculate the greatest common divisor of 8 and x.
8
Let f be (-75)/(-27) - (-2)/9. Suppose 2*q = -3*q - 3*m + 87, 0 = -2*m + 8. What is the highest common factor of f and q?
3
Let j = -8 - 53. Let b = j + 85. Suppose -y + 2*y - 16 = 0. What is the greatest common factor of y and b?
8
Suppose 5*q - 204 = q. Let p be (q/6)/((-2)/(-44)). What is the highest common divisor of 17 and p?
17
Suppose -2*v = -5*k + 30, -k + 4*k = -2*v + 18. Let p = -15 + 27. Let m = 12 + p. What is the greatest common factor of k and m?
6
Let b(t) = t**3 - 6*t**2 + 6*t - 1. Let f be b(5). Suppose -f*p + 76 = -20. Calculate the highest common factor of 264 and p.
24
Let f = -2 + -3. Let c be (-22)/f + (-6)/15. Suppose 4*p - 40 = -c*t, 3*t - 4*p = -0*t + 16. What is the highest common divisor of t and 8?
8
Suppose -7 = -3*m - 1. Suppose 4*b - 114 = m*q, 0 = -5*b + 4*q + 118 + 26. What is the highest common divisor of b and 7?
7
Let b be (-4)/(-2) + 0 + 5. Let i = 1 + b. What is the highest common factor of i and 1?
1
Suppose -3*d + 4 + 14 = 0. Let h be (-12)/(-7) + (-2)/(-7). Calculate the highest common divisor of h and d.
2
Suppose 0 = -4*a + 2*i - 3*i + 10, 8 = -a + 5*i. Suppose s = -0*s - r + 26, -a*r = -4*s + 116. What is the greatest common factor of s and 7?
7
Let o = 20 + -14. Let t(w) = -w**3 + 4*w**2 + 2. Let c be t(4). What is the greatest common divisor of o and c?
2
Suppose 4*k = 5*w + 32, k - 2*w + 4*w = -5. Suppose -4*i - 66 = -0*v - 3*v,